git of b?
3
Suppose -137 + 53 = -21*v. Suppose v*z + 2*g - 2842 = 0, 3*z + 4*g - 454 - 1690 = 0. Let c = -423 + z. What is the hundreds digit of c?
2
Let n = 2125 - 1324. Let o = -505 + n. What is the units digit of o?
6
Let c(f) = 180*f**2 + 175*f + 6. Let p(q) = 60*q**2 + 59*q + 2. Let z(w) = 6*c(w) - 17*p(w). What is the thousands digit of z(4)?
1
What is the units digit of (-47 - (-3 - 13))/(4/(-320))?
0
Let k(y) = -2*y**3 + 7 + 2*y - 9 + 5*y**3 - y**3. Let h be k(1). Suppose 2*i = -s + 27, h*i - 4*s + s - 47 = 0. What is the units digit of i?
6
Let q = 851 + -503. Suppose 0 = 334*k - q*k + 6944. What is the tens digit of k?
9
Suppose 0 = -3*c - 5*w + 6*w - 2, -4*c + 4*w + 8 = 0. What is the units digit of ((-14)/c + -3)/(1/2)?
8
Suppose 4508 = -0*x + 4*x. Let v = 1599 - x. What is the tens digit of v?
7
Suppose 2*b = -3*j - 2*b + 35, 2*b + 10 = 4*j. Let d be j - 4 - (2 - 406). Suppose -5*v - d = -14*v. What is the units digit of v?
5
Let l(q) = q**2 + 7*q. Let f be l(-8). Suppose -3*k + f*k = 0, 2*k = -5*w. What is the tens digit of 3 + 530/(w - -5)?
0
Let t(b) = 1054*b + 23. Let l be t(1). Suppose -3*z = -9, -2*i + 0*z = -z - l. What is the tens digit of i?
4
Suppose 5*g + 295 = -5*d, 5*g + 70 = 4*d + 351. Let n = d + 64. Suppose s - 5*b = 60, 0 = 2*s - n*s - 3*b - 141. What is the tens digit of s?
7
Suppose -10*t = -8 - 22. Suppose 0 = t*i - i + 24. Let j(l) = -2*l**2 - 31*l - 16. What is the units digit of j(i)?
8
Let z(u) = -4*u**3 - 16*u**2 + 32*u - 68. What is the tens digit of z(-22)?
7
Let s(t) = 2156*t + 2206. What is the hundreds digit of s(5)?
9
Let l(f) = 7*f**2 - 23*f. Suppose -4*q + 0*q + 5*w + 33 = 0, -3*w - 38 = -5*q. What is the hundreds digit of l(q)?
1
Let z be 2 + (16/20)/((-2)/(-785)). Let a = z - 225. Suppose -281 = -3*v + 2*r, 0*r = v + 2*r - a. What is the units digit of v?
3
Let v(g) = 47*g**2 - 72*g - 756. What is the tens digit of v(-12)?
7
Suppose -69*s + 1436080 = 42*s + 34*s. What is the thousands digit of s?
9
Let c(n) = -n**3 + 11*n**2 + 35*n - 24. Let m(h) = -8*h**2 + 33*h - 34. Let t be m(1). What is the hundreds digit of c(t)?
2
Suppose 3*a = -4*t + 13542, -t = -5*a - 719 - 2655. What is the hundreds digit of t?
3
Let l be ((-5 + 4)*-64)/(8/(-100)). Let j = l + 1470. What is the hundreds digit of j?
6
Let m(g) = 190*g - 1151. What is the ten thousands digit of m(81)?
1
Suppose -49 = -b - 549. Let g = -223 - b. What is the tens digit of g?
7
Let k = 925 + -921. Let o(u) = 24*u - 4 + 15 + 4. What is the units digit of o(k)?
1
Let k(v) = -87*v - 181. Let l be k(-15). Suppose 36*s = -j + 34*s + l, 1123 = j + s. What is the thousands digit of j?
1
Let c be (-7)/(2*(-3)/6*1). Suppose 3*b = -j + 1616, 3*j + 1632 = -c*b + 10*b. What is the units digit of b?
0
Let r(t) = -2*t**3 + 25*t**2 + 9*t + 96. Let b(o) = -o**3 + o**2 + 3. Let c(u) = -3*b(u) + r(u). What is the hundreds digit of c(-21)?
3
Let q be 0/((-3 - 30/(-12))*4). Suppose q = 182*h - 183*h + 880. What is the tens digit of h?
8
Let i be (-6 + 7)/(-4) - 174/8. Let z = i - -22. Suppose 3*q = 5*r - 293 + 50, -5*r + 5*q + 235 = z. What is the units digit of r?
1
Suppose 156733 + 415258 = 41*j. What is the ten thousands digit of j?
1
Let a(k) = -4667*k + 11782. What is the units digit of a(-10)?
2
Let s = -25103 + 37035. What is the hundreds digit of s?
9
Let z(f) = 178*f + 260. What is the hundreds digit of z(21)?
9
What is the hundreds digit of (-5705150)/(-1353)*3/1*(-1)/(-2)?
3
Let f(k) = -12*k + 48. Let r be f(4). Suppose -b + 3*u + 598 = 0, 0 = 5*b - r*u + 2*u - 3007. What is the hundreds digit of b?
6
Let s = 259 - -174. Suppose 0 = -4*d + 2005 - s. What is the tens digit of d?
9
Let v(o) = o**3 - 38*o**2 + 7*o - 1. What is the units digit of v(43)?
5
Suppose -4*y + 74578 = 5*a, 163*a - 167*a + 59646 = -5*y. What is the tens digit of a?
1
Let q(p) = 2*p**2 + 2*p - 12. Let o be q(-5). Let k(x) = 11*x + o + 5*x - 4*x + x. What is the hundreds digit of k(10)?
1
Let g = -1 - 11. Let n be 710 + g/3 - 4. Suppose n = 4*m + 5*m. What is the tens digit of m?
7
Let q be (-1 + -2 + 5)/(4/6). Suppose -m = -q*u + 404, u - 4*m - 103 = 50. What is the tens digit of u?
3
Suppose -2*i = x - 0*x - 1364, -2*x = 2*i - 2734. Let h = x - 154. What is the units digit of h?
6
Let l = -387 + 378. What is the thousands digit of 2/l + 123695/117?
1
Suppose -3*x = -5*f + 802, -2*x = -6*f + f + 528. Let m = -179 - x. Suppose m = 2*n - 67. What is the units digit of n?
1
Suppose -8 = -4*g + 3*c, -2*g - 3*c + 4 = -0. Let r be (-5)/10*g + 3. Suppose -z = 3*b - 118, -4*z + 2*b = -r*z - 228. What is the tens digit of z?
1
Let f be -1 - (-10)/8 - 4753/(-28). Suppose -t + 1 = -f. Let h = t - 85. What is the units digit of h?
6
Let z = -37 + 40. Let k be -5*(z + -5 - (-48)/20). What is the units digit of 78/3*k*-2 - 1?
3
Let m = 2151 + -854. Suppose -2*r - 5*g + 589 = 0, -126 = -5*r + 4*g + m. What is the units digit of r?
7
Let i(p) = 8*p**2 - 5*p + 4. Let w = 38 - 28. Let o be (4/w)/(10/50). What is the units digit of i(o)?
6
Let a be (-7)/(441/(-679)) + 2/9. Let p be a/44 + -1 + (-662)/(-8). Suppose 0 = -5*y - 3*t + 402, p = y + t - 0*t. What is the units digit of y?
8
Let t(o) = 45*o**2 - 36*o - 322. What is the thousands digit of t(-12)?
6
Let q be 0 + 3 - 88/2. Let t = 347 - 305. Let f = q + t. What is the units digit of f?
1
Suppose -65*y + 70048 = -233177. What is the thousands digit of y?
4
Let t be (-6)/((12/768)/(3 - 1)). Let u be ((-28)/(-6))/((-8)/t). Let j = u + -230. What is the tens digit of j?
1
Let t(b) = 3*b**3 + 4*b**2 + 16*b - 32. Let h be t(-8). Let y = 2447 + h. What is the tens digit of y?
0
Suppose -1951 = 6*n - 10*n + 5*z, -n + 496 = -4*z. Suppose 3*d - 1633 = w, 3*d + 3*w - 1157 - n = 0. What is the hundreds digit of d?
5
Let m(w) = -w**3 - 3*w**2 + 224*w + 116. What is the units digit of m(-35)?
6
Suppose -4*t - 3*a = -53387, 3*a - 38739 = -3*t + 1296. What is the units digit of t?
2
Let y(a) = 7*a + 12. Let u be y(-4). Let i be (-21)/(-84) - (-2)/u*2. Suppose i = m - 3, 3*b + 2*m - 375 = 0. What is the units digit of b?
3
What is the thousands digit of 4340/((-160)/(-10) - 14)?
2
Let b(m) = -m - 48. Let w(j) = -2*j - 48. Let v(k) = -3*b(k) + 4*w(k). What is the units digit of v(-15)?
7
Let s(q) = -q + 4. Let d be s(-6). Let w be (-18)/(-90) + 48/d. What is the units digit of (-3 - (-39)/(-15))/((-1)/w)?
8
Let d(k) = -10*k**3 - 5*k**2 + 42*k + 220. What is the thousands digit of d(-19)?
6
Suppose 0 = 6*m - 2*m + 20. Let z(i) = 4*i**2 + 5*i. Let u be z(m). Let a = 113 - u. What is the tens digit of a?
3
Let v(c) = -5093*c - 494. What is the hundreds digit of v(-6)?
0
Suppose 197 = 8*v - 75. Let q = 94 - v. Suppose 3*n - q = 5*k - 240, -4*k - 3*n = -117. What is the units digit of k?
3
Let j(f) = -1106*f - 3025. What is the thousands digit of j(-36)?
6
Let z(c) = -11*c**2 + 34*c - 12. Let f be z(-7). Let s = -284 - f. What is the hundreds digit of s?
5
What is the units digit of (-58)/(-3)*((-9)/(-27) + 1492/6)?
4
Suppose 0 = -4*z + 5 - 53. Let h = 1451 - 1066. What is the tens digit of (z - (-6 - -3))*h/(-21)?
6
Suppose 0 = -188*i + 77*i + 2523030. What is the tens digit of i?
3
Suppose -22*j = -26*j + 504. Suppose -40*y + j = -19*y. What is the units digit of y?
6
Let j(w) = -1562*w + 91. What is the tens digit of j(-6)?
6
Let p(i) = -i**3 + 27*i**2 - 31*i + 18. Let j be p(25). Suppose 227 = 4*n - j. What is the tens digit of n?
8
Let u(a) = -264*a - 27. Suppose 7*v + 108 = 87. What is the tens digit of u(v)?
6
What is the units digit of 24026/12 - (-270)/(-1620)?
2
Suppose -62*s + 19*s = -17*s - 223054. What is the tens digit of s?
7
Let x = 4100 - 3766. What is the hundreds digit of x?
3
Suppose 642 = 3*k + o - 4*o, 0 = 2*k + 3*o - 403. Let p = 131 - k. What is the units digit of ((-144)/(-27))/((-4)/p)?
4
Suppose 0*w - 4*g = w - 38, -w - g + 26 = 0. What is the tens digit of ((-25)/2 + (-11)/w)*-25?
2
Suppose 9*p - 6 = 48. Suppose 2*j + 4*q + 30 = 0, p*j + q + 10 = 5*j. Let g(y) = -2*y**3 - 6*y**2 - y + 6. What is the hundreds digit of g(j)?
1
Let t(m) = 2*m**2 + 68*m + 778. What is the hundreds digit of t(53)?
0
Suppose 0*q = -4*q - 4. Let h be (-101 + 6)*5*q. What is the tens digit of (-1)/(-4) + h/4?
1
Let f = -20244 + 28584. What is the units digi